-43
In base 11, what is 79a3 + 4?
79a7
In base 7, what is -3 - 4?
-10
In base 13, what is -8 - -8?
0
In base 12, what is -3 + -20?
-23
In base 13, what is 31 + 1?
32
In base 2, what is 101111011000001 - 10?
101111010111111
In base 3, what is 10000 - 211?
2012
In base 11, what is -4 - a8?
-101
In base 15, what is -1e4 - -12?
-1d2
In base 8, what is 1 + 61?
62
In base 5, what is 4343 + -10?
4333
In base 5, what is 1 + -1012?
-1011
In base 5, what is 10 + 10112?
10122
In base 12, what is 54 - 2?
52
In base 12, what is -2 - -8?
6
In base 9, what is 5028 - -1?
5030
In base 6, what is 1354 + -5?
1345
In base 10, what is -3 - -23?
20
In base 16, what is -5 - 36d?
-372
In base 3, what is -22 - 20200?
-20222
In base 10, what is 10 + -336?
-326
In base 4, what is -11 + 2333?
2322
In base 9, what is -4 + 2036?
2032
In base 3, what is 10212000 - -1?
10212001
In base 16, what is 2e - -6?
34
In base 5, what is -2131 - -4?
-2122
In base 2, what is -110 + 10110?
10000
In base 12, what is 7717 - -4?
771b
In base 13, what is 14 + -166?
-152
In base 12, what is -15 - 0?
-15
In base 5, what is 1200 - 10?
1140
In base 14, what is 5 + -6c8?
-6c3
In base 16, what is 5bb - -4?
5bf
In base 2, what is 101 - 110001?
-101100
In base 2, what is 101001010 - 1111?
100111011
In base 8, what is -3 - 115?
-120
In base 7, what is 15 + -20?
-2
In base 7, what is 2 - -24?
26
In base 11, what is 9 - -70?
79
In base 2, what is 1011101001011 + 0?
1011101001011
In base 14, what is 2a + 43?
6d
In base 2, what is 11100110 - -10?
11101000
In base 3, what is 0 - -110?
110
In base 9, what is 5 - -3342?
3347
In base 4, what is -10 + -230?
-300
In base 13, what is -7 + -18a?
-194
In base 12, what is -3 - -65?
62
In base 4, what is -3 + -3132?
-3201
In base 9, what is 118 - 13?
105
In base 12, what is 9 + 2b7?
304
In base 15, what is 646 + 1?
647
In base 4, what is 11211 + -12?
11133
In base 13, what is -aa + -8?
-b5
In base 3, what is -21 - -10222?
10201
In base 9, what is 508 + -1?
507
In base 3, what is -12 - -122?
110
In base 14, what is 112 - -2b?
13d
In base 8, what is -1171 + 1?
-1170
In base 7, what is -1115 - 3?
-1121
In base 13, what is -14 + 0?
-14
In base 14, what is 1 + b?
c
In base 13, what is -bab9 - -5?
-bab4
In base 9, what is 211 - 2?
208
In base 16, what is -54 - 32?
-86
In base 9, what is 154 - 25?
128
In base 16, what is 5 + -e70?
-e6b
In base 13, what is -266 + -3?
-269
In base 6, what is 0 + -22525?
-22525
In base 11, what is 5 - -26?
30
In base 13, what is a + 9?
16
In base 15, what is 3 + 4e?
52
In base 13, what is a + -8?
2
In base 16, what is -d + 8d5?
8c8
In base 15, what is 8c + 0?
8c
In base 14, what is -11 - -37?
26
In base 16, what is 2c - -6?
32
In base 9, what is 4 - -817?
822
In base 6, what is -11 - -11422?
11411
In base 11, what is 8 - -46?
53
In base 4, what is 20 + -12?
2
In base 16, what is 36 - 0?
36
In base 10, what is -174 - -2?
-172
In base 13, what is -23 + -269?
-28c
In base 16, what is -647 - -b?
-63c
In base 13, what is 5 + 90?
95
In base 8, what is 22 - -5?
27
In base 15, what is -4 - -673?
66e
In base 9, what is -38 + 5?
-33
In base 12, what is -11 + 60?
4b
In base 3, what is 221 + -1112?
-121
In base 15, what is 5 - -32?
37
In base 14, what is -4 - a8?
-ac
In base 11, what is 4 + 127?
130
In base 8, what is -15 - 244?
-261
In base 3, what is 2 + -1101?
-1022
In base 5, what is -40 + 224?
134
In base 5, what is -10 - 3002?
-3012
In base 14, what is 40 - 2?
3c
In base 7, what is -243 + -35?
-311
In base 8, what is -36 - 17?
-55
In base 6, what is -3 - 104?
-111
In base 12, what is 2 + 3a?
40
In base 6, what is -3 + -253?
-300
In base 10, what is 6 - -272?
278
In base 2, what is 101 + 1000000?
1000101
In base 2, what is -100010 - 10100?
-110110
In base 6, what is 1 + -211?
-210
In base 2, what is -1 - -11101?
11100
In base 5, what is 1212 - -20?
1232
In base 15, what is 15 - 1d4?
-1be
In base 11, what is -a + 45?
36
In base 8, what is -34 - -5?
-27
In base 15, what is 3a + -2?
38
In base 9, what is 2261 + 4?
2265
In base 13, what is 1 - -306?
307
In base 13, what is -5ca - -1?
-5c9
In base 5, what is -1100 - -10?
-1040
In base 14, what is 3 - -6a3?
6a6
In base 4, what is -11212 - -10?
-11202
In base 11, what is -119 + 13?
-106
In base 2, what is -101111101001 + 1?
-101111101000
In base 7, what is 42 + -21?
21
In base 13, what is -143 + -1?
-144
In base 3, what is -1211 + 12?
-1122
In base 9, what is 0 - -47?
47
In base 10, what is 323 - -1?
324
In base 3, what is -11210 - -1?
-11202
In base 2, what is -1000100 - 110000?
-1110100
In base 10, what is 37 + 13?
50
In base 4, what is 3030110 + -3?
3030101
In base 4, what is -2 - -2001?
1333
In base 16, what is 354 + 1?
355
In base 3, what is 0 + 1012211?
1012211
In base 14, what is -2 + 7?
5
In base 8, what is -115 + -24?
-141
In base 7, what is -166 + 425?
226
In base 11, what is -66 + 2?
-64
In base 7, what is -6605 + -2?
-6610
In base 4, what is -3013 + -13?
-3032
In base 14, what is -10d - 5?
-114
In base 9, what is -306 - 20?
-326
In base 6, what is 45 + -23?
22
In base 8, what is -27072 + -1?
-27073
In base 9, what is 4 + -33?
-28
In base 2, what is -1 + -1010100000?
-1010100001
In base 5, what is 0 + 2213?
2213
In base 2, what is 10101100 - -111?
10110011
In base 13, what is 120 - -3?
123
In base 9, what is 4 + 636?
641
In base 5, what is 221402 - 1?
221401
In base 7, what is 33 + 10?
43
In base 13, what is 220 - 6?
217
In base 6, what is -5 - 43?
-52
In base 14, what is 5 - a57?
-a52
In base 16, what is 25f + 2?
261
In base 5, what is 10 + 10110?
10120
In base 14, what is -b651 + -5?
-b656
In base 8, what is -15 + -20?
-35
In base 6, what is -2132 + 4?
-2124
In base 13, what is 20 - -4?
24
In base 10, what is -30 - 85?
-115
In base 14, what is -1d + -50?
-6d
In base 4, what is 11 - 233?
-222
In base 2, what is 100100 - -101?
101001
In base 7, what is 12645 - 10?
12635
In base 12, what is -6 + 737?
731
In base 2, what is -1110000111 - -10?
-1110000101
In base 12, what is -60 - 29?
-89
In base 13, what is -127 - -a?
-11a
In base 7, what is 606 - 4?
602
In base 11, what is -3 + -255?
-258
In base 13, what is c944 + -2?
c942
In base 14, what is -4 + 49?
45
In base 12, what is -2008 - -3?
-2005
In base 13, what is 11 + 100?
111
In base 16, what is -1 - d5b?
-d5c
In base 11, what is 3 + 24?
27
In base 13, what is 1 - 1234?
-1233
In base 15, what is 14e - 4?
14a
In base 12, what is -9a - -5?
-95
In base 4, what is 2221 - -111?
2332
In base 12, what is -3 - 48a?
-491
In base 12, what is 41 + 3?
44
In base 6, what is -14 - -323?
305
In base 5, what is 3124 + 1?
3130
In base 2, what is -11101 + -100?
-100001
In base 6, what is 15 - -21?
40
In base 3, what is -10012 - -122?
-2120
In base 8, what is 352 - 5?
345
In base 5, what is 242 + 2?
244
In base 9, what is -382 - 2?
-384
In base 11, what is 5 - -7?
11
In base 2, what is -101001010111 + -101?
-101001011100
In base 5, what is -12112 + -24?
-12141
In base 10, what is 6 + 283?
289
In base 14, what is 5 - 1c?
-17
In base 14, what is 5 - -22?
27
In base 4, what is 10 + 201?
211
In base 14, what is 7c7 - -18?
801
In base 12, what is -1 - 14?
-15
In base 5, what is -1 + 14?
13
In base 7, what is 4655 - 5?
4650
In base 13, what is -a1 + 2?
-9c
In base 15, what is -5c6 - -5?
-5c1
In base 11, what is -7 + 73?
67
In base 15, what is 4 - -261?
265
In base 16, what is -67 - -4?
-63
In base 11, what is -1 + 47?
46
In base 9, what is -1 + 31?
30
In base 4, what is 32 - 2?
30
In base 14, what is -8 + 55?
4b
In base 14, what is -4 + 101?
db
In base 6, what is -333 - -141?
-152
In base 6, what is -253 - -1?
-252
In base 2, what is 1001001 + 110010?
1111011
In base 6, what is 12 + 40?
52
In base 5, what is -412 + 14?
-343
In base 13, what is -24478 + 5?
-24473
In base 12, what is 468 + 1?
469
In base 14, what is 0 - 61?
-61
In base 13, what is 8 - 11?
-6
In base 8, what is 44777 - 1?
44776
In base 10, what is 0 + -801?
-801
In base 10, what is 521 + 1?
522
In base 7, what is -55 + -32?
-120
In base 11, what is -23 + -25?
-48
In base 9, what is -1 - -374?
373
In base 13, what is 10ba - -2?
10bc
In base 13, what is 51b + -1?
51a
In base 15, what is -dd + -5?
-e3
In base 6, what is -20 - 1440?
-1500
In base 16, what is -3 + 31b?
318
In base 8, what is 3 + -42?
-37
